s of a.
2, 7
Let o(w) = -w**3 - 5*w**2 - 6*w - 2. Let y be o(-4). Suppose -6 = y*c - 0. What are the prime factors of 42 - (2 + c + -1)?
2, 3, 7
Let i be ((-12)/(-10))/(21/70). Suppose 0 = -5*d + 3*v + 160, d - 3*v + 120 = i*d. List the prime factors of d.
5, 7
Let p(m) = 585*m**2 - 11*m - 12. Let a be p(-1). Let n = a + -300. What are the prime factors of n?
2, 71
Let t(r) be the second derivative of -1/2*r**3 + 4*r + 0 + 3*r**2 + 1/12*r**4. List the prime factors of t(6).
2, 3
Suppose -j + 0*j = -4*y + 8, 4*y - 32 = -5*j. Suppose -2*m - m + 246 = 0. Suppose 5*w = -0*w - j*u + 203, -2*w - 2*u = -m. What are the prime factors of w?
3, 13
Let b(c) = -c**2 - 21*c + 13. What are the prime factors of b(-20)?
3, 11
Let m(c) = 4 + c**3 + 6*c + 0*c - 4*c**2 + 10*c**2 - 3*c. List the prime factors of m(-4).
2, 3
Let m be (3/6)/(1/(-2)). Let a be 1/m*1/1. List the prime factors of (2 - 1)*(-7)/a.
7
Let r be 17/5 - (-22)/(-55). Suppose 8 = -4*b + 8*b. Suppose b*p = -r*p + 90. What are the prime factors of p?
2, 3
Suppose -112*p = -107*p + 3*k - 14651, k = p - 2927. List the prime factors of p.
29, 101
Suppose -12 = -0*a + 3*a, -2*r + a + 636 = 0. List the prime factors of r.
2, 79
Let v(b) = 6*b**3 - b**2 + 3*b - 2. Let c(i) = i**3 + 12*i**2 + 2*i + 27. Let q be c(-12). List the prime factors of v(q).
2, 5
Let t be 2/(-14) + (-102)/119. What are the prime factors of (t + 2)*(3 + 176)?
179
Let o(t) = -13*t - 4. Let m be o(-8). List the prime factors of (136/85)/((1 - 0)/m).
2, 5
Let n(i) = 6*i - 1. Let r be n(2). Suppose -r*a = -13*a + 172. What are the prime factors of a?
2, 43
Let a(n) = -n**2 - 32*n + 11. Suppose -22 = -15*h + 16*h. What are the prime factors of a(h)?
3, 7, 11
Suppose 2*c + 4*d - 466 = 0, 11*c + 4*d - 1135 = 6*c. List the prime factors of c.
223
Let j(m) = m**3 + 8*m**2 - 6*m + 23. Let z be j(-9). Let n(s) = -4*s**3 + s**2 + 3*s + 9. List the prime factors of n(z).
269
Let f be ((-132)/10)/((-21)/(-70)). Let h = 81 + f. What are the prime factors of h?
37
Suppose -5*z + 15 = -0. Suppose 3*i - 12 = 0, 4*i - 11 = -l + z*i. Suppose 0 = l*u - 8*u + 65. What are the prime factors of u?
5, 13
Suppose -5*c = -c - 24. Suppose -c*o - 5 + 23 = 0. Suppose o*p - u - u - 164 = 0, 4*u - 50 = -p. What are the prime factors of p?
2, 3
Let q(b) = -b**3 + 16*b**2 - 14*b + 35. List the prime factors of q(14).
3, 7, 11
Let b be (-12)/4 + 18/3. List the prime factors of b - (-55)/10*10.
2, 29
Let i be 3*(-2)/3 - -8. Let g(o) = 5*o**2 - 7*o - 7. Let k be g(6). Suppose -23 = i*j - k. What are the prime factors of j?
2, 3
Suppose -456*q + 22284 = -447*q. List the prime factors of q.
2, 619
Suppose -3 = -h + 2*h, -w = -h - 676. Suppose r + r = -5*x + w, 0 = 3*x - r - 395. What are the prime factors of x?
7, 19
Suppose 11 + 9 = 5*r + 5*y, 5*r + y = 28. What are the prime factors of (-2 - (0 + -11))*104/r?
2, 3, 13
Let l(k) = -2*k + 9. Let z be l(4). Let f(v) = 44*v**2 - v. What are the prime factors of f(z)?
43
Suppose -4*r = -3*u - 3*r - 2, -2*r + 4 = -4*u. Let s = u - -2. List the prime factors of ((-1)/s)/(6/(-648)).
2, 3
Let b = -2 - -7. Suppose -b*i + 3*o = -23, -4*i + 9 + 6 = o. Suppose -i*x = -5*z - x + 390, -2*x = 10. List the prime factors of z.
3, 5
Let o(s) = s**2 + 2*s + 6*s + 2 - 4*s. Let d be o(4). Suppose a - d + 10 = 0. List the prime factors of a.
2, 3
Let i be (6/(-4))/(2/(-4)). Suppose -4*x + i*c + 31 = 0, -5 = 5*x - 0*x + 5*c. Suppose x*z = 3*z + 2. What are the prime factors of z?
2
Let g(y) = 35*y**3 + y**2 + 2*y - 4. Let q(s) = -36*s**3 - 2*s**2 - 2*s + 5. Let i(x) = 5*g(x) + 4*q(x). List the prime factors of i(1).
2, 3, 5
Suppose 0 = -3*r - 4*g + 19, -r - 2*g = 4*r - 13. Let i be 14*r/(-2)*-2. Suppose -3*f + j + 189 = 0, -f - 4*j - i + 64 = 0. List the prime factors of f.
2, 31
Let z = -769 - -1618. What are the prime factors of z?
3, 283
Let f = -72 + 141. List the prime factors of f.
3, 23
Let p(j) = 98*j**2 + 7*j - 3. List the prime factors of p(2).
13, 31
Let p = 4886 - 2153. What are the prime factors of p?
3, 911
Let k(f) be the second derivative of -f**5/20 - f**4/12 - f**3/3 + 6*f**2 + 7*f. List the prime factors of k(0).
2, 3
Let h(g) = -5*g**2 - 2*g. Let v be h(2). Let s = -8 - v. Suppose -12*c = -s*c + 12. List the prime factors of c.
3
Let v = -9 + 25. Suppose -74 = 2*t - 76. Let u = v + t. List the prime factors of u.
17
Let s(g) = -5. Let m(y) = -y. Let x(a) = 4*m(a) - s(a). Let t be x(-5). Let f = 54 - t. What are the prime factors of f?
29
Let y = -21 - -25. Suppose -2*u - p = -4*p - y, p = 3*u - 13. Suppose 32 = u*h - h. List the prime factors of h.
2
Let a(i) = -2*i**2 - 5*i + 4. Let r be a(4). Let s be r/(-15) + 2/(-10). Suppose -s = t + 2, 5*c - 3*t - 190 = 0. What are the prime factors of c?
5, 7
Suppose c - 156 = v, -46 = v + 4*c + 90. What are the prime factors of 1/((-1)/68)*266/v?
7, 17
Suppose -m + 3*m = -3*k + 15, -2*m = 4*k - 16. Suppose 3*q + 4*h - 176 = 0, -q + 42 = 4*h - m. List the prime factors of q.
2
Let d(c) = 40*c - 5. Suppose 8*h - h - 14 = 0. Let z be d(h). Let q = z - 8. What are the prime factors of q?
67
Let c(m) = 5*m**2 - 14*m + 4. Let g be c(4). Let l = -14 + g. List the prime factors of l.
2, 7
Let r = 94 - 84. Let c be 3 + (-3 - -3) + 3. Let g = c + r. List the prime factors of g.
2
Let r(k) = k**2 - 5*k + 6. Let n be r(3). Suppose n = 4*f + f - 350. Suppose -3*l = -5*b - 0*l + f, 0 = 2*b - 2*l - 24. What are the prime factors of b?
17
Suppose -3*u = 2*u - 10. Suppose 5*p = -k + 22, -u*p + 3 + 3 = -k. Suppose k*d - 6 = 8. What are the prime factors of d?
7
Suppose -10*n + 884 = -4656. List the prime factors of n.
2, 277
Let k = -852 - -1364. List the prime factors of k.
2
Let v(x) = x**3 - 17*x**2 + 2*x - 14. Let m(z) = -z**2 + 9*z - 1. Let g be m(6). List the prime factors of v(g).
2, 5
Let l = 507 + 675. List the prime factors of l.
2, 3, 197
Let w(z) = -z**3 - 4*z**2 - 6*z + 6. Let q be w(-5). Let a = q + -23. Suppose a + 70 = 2*d. What are the prime factors of d?
2, 3
Let j(d) = -d**2 + 16*d - 13. Let y be j(12). Suppose -277 = -3*i + y. What are the prime factors of i?
2, 13
Let h = -536 - -1516. List the prime factors of h.
2, 5, 7
Let h = -57 + -18. Let w be (70/21)/((-2)/h). Suppose 4*m + m = w. List the prime factors of m.
5
Let d(v) = -20*v + 10. Let p be d(-14). Suppose -186 = -2*m - t, -3*m + 2*t = -2*t - p. What are the prime factors of m?
2, 47
Let h(c) be the first derivative of 3*c**2 - 8*c - 44. Suppose -2*s - 4*q + 4 = 0, -10 - 22 = -5*s + q. What are the prime factors of h(s)?
2, 7
Suppose z - 706 + 97 = -u, 589 = z - 3*u. List the prime factors of z.
2, 151
Suppose 2*o + 4*x + 2 = -2, -2*o - x - 1 = 0. Suppose o = 7*a - 5*a + 40. Let g = 10 - a. List the prime factors of g.
2, 3, 5
Suppose -973 = -3*c + 1181. What are the prime factors of c?
2, 359
Let q = 222 + -128. Suppose d = -d + q. Let j = d + -22. What are the prime factors of j?
5
Suppose 2*m - 3*o = 1525, o + 4440 = 4*m + 1405. What are the prime factors of m?
2, 379
Let z(k) = 5*k**2 + 3*k - 3. Suppose -4 = -a + 2. Let l be z(a). What are the prime factors of l/10*12/9?
2, 13
Let u = -3 + 5. Suppose -3*m + 2*r = 0, 5 = 3*m - u*m + r. Let k = m + 7. List the prime factors of k.
3
Suppose -3 + 0 = x. Let k be ((-77)/(-33))/((-1)/x). List the prime factors of (168/k)/((-2)/(-5)).
2, 3, 5
Suppose 5*k - 2*k = -2*g + 26, -2*k = -3*g. What are the prime factors of k?
2, 3
Suppose 0 = 4*z - 0*z + 104. Let i(l) = -l + 11. Let u be i(26). Let f = u - z. List the prime factors of f.
11
Suppose -5*w + 722 + 2426 = 2*x, 0 = -2*x + 3*w + 3148. What are the prime factors of x?
2, 787
Suppose -3*l - 2*c + 1083 = -4*c, 360 = l - c. What are the prime factors of l?
3, 11
Suppose 3*v - 13 = 4*b, -v + 4*b + 3 = -4. Suppose v*d = 2*d + 44. Suppose -4*o - 2*m - m + d = 0, m = -o + 10. What are the prime factors of o?
2, 7
Let m(b) = 251*b - 518. What are the prime factors of m(11)?
2243
Suppose -689 = -4*n - w, 5*n + 364 - 1223 = -2*w. Suppose 5*z - n = 232. List the prime factors of z.
3
Suppose -47*f + 63*f = 7856. List the prime factors of f.
491
Suppose -8*l = -5*l - 3258. What are the prime factors of l?
2, 3, 181
Suppose -3*w + 174 = 4*g - 39, 320 = 5*w - 5*g. Let s = 129 - w. What are the prime factors of s?
2, 31
Let a 